12
Suppose -14 + 49 = -7*h. Let s(u) = 7 + 3*u**2 - u**2 - 3*u - 3*u**2. Calculate s(h).
-3
Let o(j) be the second derivative of j**4/12 + j**3/6 - j. Let p(w) = -w**2 + 6*w - 1. Let i(k) = -6*o(k) + p(k). Determine i(-1).
-8
Let f(l) = 27*l**3 - 8*l**2 + 3*l - 8. Let q(u) = 9*u**3 - 3*u**2 + u - 3. Let w(v) = -4*f(v) + 11*q(v). Let x = -39 + 38. Calculate w(x).
8
Let v(l) be the first derivative of l**2/2 - 7*l + 65. Give v(11).
4
Let p = 9 - 7. Suppose r + 29 = p*r. Let k(w) = -14*w + r*w - 16*w + 2. What is k(-4)?
6
Let o(h) = -h + 7. Let r(c) = -c + 1. Suppose 4*u + 4*s + 12 = 0, -5*u + 2*s + 0*s + 20 = 0. Let p(n) = u*r(n) - o(n). Give p(-5).
0
Let r(k) = -k - 3. Let u(p) = -6*p - 16. Suppose 12 = -2*q - 5*d, -q + 3*q - 3*d = -28. Let t(i) = q*r(i) + 2*u(i). Determine t(2).
-1
Let l = 247 + -240. Let i(j) = j**3 - 7*j**2 + 4*j + 5. Give i(l).
33
Let z(w) = w - 12. Let f(b) = -b**2 + 7*b - 7. Let r be f(5). Let h be 4/16*(3 - r - 0). Give z(h).
-12
Let w(x) = 5*x**2 + 9*x + 30*x**3 - 5*x - 29*x**3. Let g be w(-3). Let m(n) = 2*n - 1. Give m(g).
11
Suppose -z - 46 = 2. Let l = z - -46. Let c(v) be the third derivative of v**6/120 - v**5/60 - v**4/8 - v**3/3 - v**2. Calculate c(l).
-8
Let j(f) = -f**2 - f - 2. Let k be j(0). Let h be 3 + (-2 - -2) + k. Let t(p) = -4*p**2 + 0*p**2 - 1 + 2*p + 4*p**3 + 2*p**2. Determine t(h).
3
Suppose -r = c - 0*r, 5*c = 2*r - 35. Let u be 4/4 + c - -29. Suppose s = -4*s - u. Let w(k) = k**2 + 4*k + 2. Determine w(s).
7
Let u(d) = -5*d - 1 - 3 + 3. Let i = 1810 - 1812. Give u(i).
9
Let j(k) = k + 20. Suppose -11*d + 28*d = 0. Calculate j(d).
20
Let z(u) = u**3 - 9*u**2 + 5*u - 1. Let l(v) = 2*v**3 - 18*v**2 + 9*v - 1. Let x(b) = -3*l(b) + 5*z(b). Calculate x(9).
-20
Let u(o) = 4*o + 5. Suppose 5*d + 5*j - 40 = 0, 0 = 9*j - 5*j - 8. Give u(d).
29
Let b(p) = -4*p - 78. Let x be b(-22). Let a(k) = k**3 - 9*k**2 - 9*k - 14. Determine a(x).
-4
Let a(i) = i**2 - 5*i + 2. Let z be (9/12)/((-3)/(-8)). Let f = -26 + 38. Suppose -f = z*x - 5*x. Determine a(x).
-2
Let z(v) = -13*v**2 - v - 12. Suppose 44 = -b + 5*b. Let n(y) = 7*y**2 + y + 6. Let r(x) = b*n(x) + 6*z(x). What is r(4)?
-2
Let w(a) = -a**3 - 7*a**2 - 5*a. Let m be w(-6). Let n(z) be the first derivative of -10 + 1/3*z**3 + 3*z**2 - 2*z. Give n(m).
-2
Let n(t) = -t + 7. Let h be n(5). Let b(p) = p**3 - 9 + h*p - 4*p**2 + 9. Suppose 3 = 5*l - 12. What is b(l)?
-3
Suppose 8 + 2 = 5*l. Let s be -2*10*l/(-8). Suppose s*p + 4*r = 10, 3*p = p + 3*r - 19. Let q(w) = 2*w**3 + 3*w**2 + w + 1. Give q(p).
-5
Let m(a) = a**3 - 3*a**2 - 2*a + 1. Let s = 40 - 52. Let v = s - -15. Calculate m(v).
-5
Let y(d) = -2*d**2 + 1. Suppose -r = 4*m - 0*m - 6, 0 = -m - 4*r - 6. Let g(s) = 2*s - 12 + s + 0*s**2 - 12*s + s**m. Let i be g(10). Calculate y(i).
-7
Let y(a) = a - 1. Let p(u) = 3*u - 6. Let m(s) = -p(s) + 5*y(s). Let w(f) = f**3 - 12*f**2 - 14*f + 11. Let r be w(13). What is m(r)?
-3
Let y(n) = n**3 + 12*n**2 + 13*n + 24. Let w be y(-11). Let g be -2*(4 + w/(-2)). Let t(z) = -z**2 - 7*z - 9. What is t(g)?
-3
Let b(i) be the third derivative of i**4/2 + i**3/6 + 6*i**2 + 102*i - 2. Suppose 0 = -v - 0*v + 4. Suppose -4*r + 0*r - v = 0. Give b(r).
-11
Let c(s) = 3*s - 7. Let f(p) = -p**3 - 6*p**2 - 7*p - 1. Let v be f(-5). Suppose 7*r - v*r - 20 = 0. Let y = -5 - r. Give c(y).
8
Let q(c) = -c**2 + 10*c - 1. Suppose 0 = k + 2*x - 13, 4*x = 2*k + 1 - 11. Give q(k).
8
Let o(g) = 15*g**3 - g**2 - g - 1. Let v = -537 + 536. Determine o(v).
-16
Suppose -b = -50 - 34. Let v = b - 91. Let q(m) = -m - m**2 - 5*m + 5 + 1. Determine q(v).
-1
Suppose 4*t + 104 = 20. Let w = t - -29. Let s(y) = -y - y - w*y + 9*y + 3. Calculate s(7).
-4
Let f(j) = -2*j**2 + j**2 - 8 + 2*j**2 - 6*j. Let d be f(8). Let h(k) = 3 + 2 + 9*k - d*k. Give h(-4).
1
Let m(h) = 9*h + 1. Suppose -5*j + 27 = -g, 4*g + 5*j + 56 = 73. Determine m(g).
-17
Let n(d) = d**2 - 3*d - 3. Let s be n(2). Let h(r) = r - 2. Calculate h(s).
-7
Let q(x) = -x**3 - 5*x**2 + 15*x - 1. Let b be q(-7). Let j(p) = -p**3 - 9*p**2 - 6*p + 11. Give j(b).
-5
Let l(p) be the third derivative of p**4/8 + 2*p**3/3 + 2*p**2 - 22. Determine l(-2).
-2
Let u = -85 - -91. Let l(t) = -t**2 + 5*t + 9. Let y be l(u). Let f(v) = -v**3 + 3*v**2 - 2*v + 3. Determine f(y).
-3
Let d(g) = 6*g**2 + 10*g**2 + 5*g**2 + 8*g - 22*g**2 + 6. Calculate d(7).
13
Suppose 6*a - 3*a - 9 = 0. Suppose a*n = n, 4*r = -3*n. Suppose r = -5*b, -5*z - 4*b - 3 = -2*z. Let c(w) = -9*w**2 - w - 1. What is c(z)?
-9
Let y(i) = 9*i**2 - i - 1. Let j(t) = t**3 + 5*t**2 - 5*t + 5. Let u be j(-6). Let k be y(u). Let f(s) = 6 + s**2 - 2*s + k*s - 3 - 5. Calculate f(-6).
-8
Suppose -h + 3 = -3*q, -2*h - 3*q - q - 4 = 0. Suppose h = 3*f + 2*f - 10. Let t(u) = 3*u - 3 + u - f*u. Calculate t(3).
3
Let s(l) be the second derivative of -l**5/20 + l**4/12 + l**3/2 - l**2/2 + 4*l. What is s(2)?
1
Let r(f) = -5*f**2 + 12*f - 23. Let g(q) = q**2 + 6. Let k(o) = -4*g(o) - r(o). Determine k(11).
-12
Let t = 322 - 313. Let l(d) = -d**3 + 10*d**2 - 7*d + 2. Give l(t).
20
Let t(g) be the first derivative of g**4/4 + g**2 + 2*g + 1. Suppose 0 = -159*w + 126*w - 172*w - 410. Give t(w).
-10
Suppose -2*t = d, t - 4*t - 6 = 0. Let x(j) = 2 - 2 + d*j - 2. Determine x(-2).
-10
Let c(g) = -5*g**2 - 4*g. Let l(k) = -6*k**2 - 6*k + 1. Let o(i) = 5*c(i) - 4*l(i). Give o(5).
-9
Let d(c) be the first derivative of 5*c**2/2 + 2*c - 223. What is d(1)?
7
Let x(p) = -p**2 - 14*p + 7. Let s(a) = -a**2 - 15*a + 8. Let l(q) = -5*s(q) + 6*x(q). Calculate l(-11).
-20
Let n be (1*24/(-18))/(2/3). Let v(k) = -k**2 - 4*k + 3. What is v(n)?
7
Suppose 0 = 2*n - 2*z + 3*z + 2, 0 = -5*n + 4*z + 21. Let t = n - -2. Let c(o) = o**3 - 3*o**2 + 4*o - 2. Calculate c(t).
10
Let k = 10 + -8. Let n(q) = -7*q**2 + 5*q - 5. Let i(x) = -6*x**2 + 4*x - 4. Let v(y) = -6*i(y) + 5*n(y). Determine v(k).
5
Suppose 2 = -0*i + i. Let v(b) = 2 + 18*b**i - 7*b**2 - 10*b**2. Calculate v(-2).
6
Let j be ((-2)/5)/(1/(-5)). Let d(y) = -2*y**2 + 25*y - 6. Let o(h) = -h**2 + 16*h - 4. Let w(b) = 5*d(b) - 8*o(b). What is w(j)?
-12
Let o(t) be the second derivative of t**4/6 + 5*t**3/6 + 207*t. What is o(-5)?
25
Let c = -3 + -3. Let l be -4*(4 + c) - 4. Let z(m) = m**3 - 5*m**2 + m + 2. Give z(l).
-10
Let g = 1 + -8. Let x = -9 - g. Let n be (x - 1)/(-3) + 0. Let i(t) = -t**2 + 2*t - 1. Determine i(n).
0
Suppose 53 = 12*b + 41. Let o(l) be the first derivative of -3/2*l**2 - 2*l - b. What is o(2)?
-8
Let q(h) = h - 1. Let s be -12*-3*4/18. Let d = s - 5. Let j be (d - 0/3)*2. Calculate q(j).
5
Suppose 2 = 2*h - 0*h. Let z(v) = -4 + 0*v - h + 2*v. Suppose -10*t + 9 = -31. Determine z(t).
3
Let x(s) be the second derivative of 1/2*s**4 + 3*s**2 - s**3 - 1/20*s**5 + 10*s + 0. Give x(5).
1
Let a(z) be the first derivative of -z**4/4 - 5*z**3/3 - z**2/2 - z - 549. Let q(r) = r**2 - 2*r - 2. Let b be q(6). Suppose 2 = 4*u + b. What is a(u)?
4
Let x(h) = h**3 + 10*h**2 + 9*h + 2. Let l be -10*2/4*(-48)/(-20). Let f(k) = -k**3 - 12*k**2 + 2*k + 15. Let a be f(l). Calculate x(a).
2
Let f(n) = n**3 + 43*n + 4 - 4*n**2 - 63*n + 21*n. Give f(2).
-2
Let c(h) = -h**3 - 2*h + 2. Let j(s) be the second derivative of -s**5/4 - 3*s**3/2 + 4*s**2 - 23*s. Let b(d) = 9*c(d) - 2*j(d). What is b(-2)?
-6
Let y(c) = -7 + 5 - 9056*c + 9054*c - 9*c**2. Give y(-2).
-34
Let g(r) = 4*r**2 - 3*r**2 - 7*r**2 - 9*r**2 + r. Determine g(-1).
-16
Let h = 34 + -34. Suppose h = 4*w + 4*a + 12, 0*w - 7 = w + 5*a. Let m(c) = -c**2 - 2*c + 1. Calculate m(w).
1
Let c = -4 - -7. Suppose w - 3 = 4*w. Let g be 0 + (c - (0 - w)). Let u(l) = l**3 - 3*l**2 + l - 2. What is u(g)?
-4
Let n = 2922 + -2920. Let b(x) be the second derivative of 7*x - 1/2*x**n - x**3 + 0. Calculate b(-2).
11
Let n(r) = -6 - 195*r + r**2 - 189*r + 389*r. Give n(-5).
-6
Let k(x) = -12*x**2 - x + 1. Let a be (3 - -3)*4/8. Suppose a*c = -4*n + 23, 2*n - 3*n = -5*c. Determine k(c).
-12
Let r(m) be the third derivative of -m**8/10080 + m**7/2520 - m**6/720 - m**5/4 - 13*m**2. Let c(y) be the third derivative of r(y). Give c(1).
-1
Let r be (-6)/(-21) + (-6)/21. Let j be 3 + r + -1 + 3. Suppose j*a - 28 = -3. Let c(g) = g**2 - 5*g + 5. Calculate c(a).
5
Let f(b) be the third derivative of -b**5/60 + b**4/2 + 5*b**3 - b**2 - 3. Wh